).
17
Let f(q) = -7*q**2 - 37*q - 12. Determine f(-5).
-2
Let a(k) = k**3 - k**2 - 3*k. Determine a(2).
-2
Let z(n) = 83*n**2 + 162*n + 3. Calculate z(-2).
11
Let d(g) = 3*g**2 - 67*g + 42. Give d(22).
20
Let m(f) = -f**3 - 9*f**2 + 8*f - 12. Give m(-10).
8
Let m(n) = -n**3 + 19*n**2 - n + 22. Calculate m(19).
3
Let y(b) = 40*b - 798. Give y(20).
2
Let u(j) = 2*j**2 - 18*j + 22. Give u(8).
6
Let l(w) = -w**3 + 6*w**2 + 3*w - 4. Determine l(6).
14
Let z(l) = -23*l**3 - l**2 + l. What is z(1)?
-23
Let p(l) = -l - 13. Calculate p(-8).
-5
Let c(r) = -16*r + 179. Determine c(11).
3
Let d(v) = 12*v**3 - v**2 + v - 1. What is d(1)?
11
Let n(d) = d**2 + 7*d - 11. Determine n(-8).
-3
Let d(i) = i**3 - 38*i**2 - 77*i - 138. What is d(40)?
-18
Let c(o) = -o**3 + 17*o**2 - 19*o + 12. Determine c(16).
-36
Let q(w) = -10*w + 28. Give q(5).
-22
Let x(z) = -z**3 - 9*z**2 - 12*z - 17. What is x(-8)?
15
Let x(a) = -12*a**2 - 2*a. Determine x(-2).
-44
Let h(a) = -a**3 + 6*a**2 - 3*a - 10. Give h(4).
10
Let k(p) = p**3 - 5*p**2 + 3*p + 4. What is k(3)?
-5
Let g(o) = o**3 + 19*o**2 + 34*o + 6. Calculate g(-17).
6
Let g(i) = -i**3 - 5*i**2 + 9*i - 10. What is g(-7)?
25
Let a(v) = -v**3 - 2*v**2 - 2. Give a(-2).
-2
Let x(s) = -s - 18. Calculate x(-5).
-13
Let c(q) = q**3 - 6*q**2 + 2*q - 8. Calculate c(5).
-23
Let c(s) = s**3 + 14*s**2 + 12*s - 4. Give c(-13).
9
Let v(o) = -6*o + 43. What is v(4)?
19
Let i(a) = -a**3 - 2*a**2 + 15*a - 15. Calculate i(1).
-3
Let z(p) = -p**3 - 5*p**2 + 7*p + 3. What is z(-6)?
-3
Let x(s) = 2*s**2 - 8*s - 9. Calculate x(10).
111
Let j(m) = -m**2 + 11*m - 17. Give j(12).
-29
Let n(d) = d**3 + 3*d. What is n(-4)?
-76
Let r(t) = -9*t**2 - 3*t + 2. Determine r(1).
-10
Let t(d) = d**2 + 22*d - 45. Calculate t(-24).
3
Let x(v) = v**3 + 29*v**2 - 2*v - 62. What is x(-29)?
-4
Let f(c) = -2*c + 16. Give f(13).
-10
Let s(d) = -3*d - 22. Determine s(-6).
-4
Let l(f) = -f**2 - 21*f - 16. Give l(-21).
-16
Let o(p) = -p**2 - 3*p - 11. What is o(-10)?
-81
Let m(r) = r**2 + 11*r - 2. What is m(-12)?
10
Let b(y) = -2*y + 7. Determine b(6).
-5
Let x(u) = -2*u + 14. Calculate x(0).
14
Let q(x) = 30*x**3 - 2*x**2 + x + 1. Give q(1).
30
Let v(j) = -7*j - 7. Give v(5).
-42
Let i(v) = -v - 17. Determine i(-9).
-8
Let d(c) = 5*c + 44. What is d(-10)?
-6
Let l(s) = -s**2 + 7*s + 9. Calculate l(5).
19
Let j(o) = 15*o + 109. Give j(-7).
4
Let x(a) = 4*a - 29. Determine x(4).
-13
Let h(p) = -20*p - 2. What is h(-2)?
38
Let n(u) = u - 14. Give n(-15).
-29
Let z(x) = x**2 + 39*x - 47. Determine z(-40).
-7
Let u(m) = 3*m - 21. Determine u(5).
-6
Let s(n) = 2*n**2 - 7*n - 11. Give s(6).
19
Let m(g) = g**3 - 8*g**2 - 22*g + 18. Give m(10).
-2
Let r(m) = 56*m**3 + m**2 + 3*m - 4. Calculate r(1).
56
Let w(c) = -13*c**2 - 1. Determine w(2).
-53
Let m(o) = -o**3 - 3*o**2 - 16*o - 7. Give m(-4).
73
Let i(x) = 6*x + 5. What is i(-3)?
-13
Let h(v) = 25*v + 15. What is h(3)?
90
Let y(s) = 6*s + 31. Give y(-10).
-29
Let b(c) = -c**2 + 29*c + 166. Give b(34).
-4
Let s(b) = -9*b**2 + 3*b - 1. Give s(1).
-7
Let j(w) = -w**3 + 7*w**2 - 5*w - 2. Give j(5).
23
Let h(w) = w**2 - 6*w + 1. Determine h(11).
56
Let w(u) = u**2 + 7*u - 10. Give w(-11).
34
Let p(m) = -36*m - 1152. Give p(-32).
0
Let a(x) = x**2 + 15*x - 8. What is a(-15)?
-8
Let k(b) = b**3 + 9*b**2 + 9*b + 10. Calculate k(-8).
2
Let m(r) = -r**3 + 5*r**2 + 11*r + 4. Calculate m(7).
-17
Let s(f) = -f**2 - 12*f - 3. Determine s(-11).
8
Let n(t) = t**2 + t + 1. Give n(0).
1
Let l(w) = -w**2 - 11*w + 33. Calculate l(-15).
-27
Let k(m) = -2*m**3 - 23*m**2 + 11*m - 6. Calculate k(-12).
6
Let b(r) = r**2 - 13*r - 59. Give b(-4).
9
Let f(u) = -u + 3. What is f(7)?
-4
Let j(t) = -t - 4. Give j(10).
-14
Let m(b) = b**3 - 6*b**2 + 2*b + 7. Calculate m(6).
19
Let o(p) = p**2 + p - 49. What is o(13)?
133
Let a(y) = y - 3. Calculate a(11).
8
Let u(t) = -t**2 + 3*t - 3. What is u(-11)?
-157
Let y(n) = n**2 - 13*n + 41. Give y(10).
11
Let d(a) = a**3 - 11*a**2 - a + 5. Determine d(11).
-6
Let r(p) = -p**3 - 7*p**2 + 5*p - 8. Calculate r(-8).
16
Let q(g) = 4*g + 17. Determine q(-6).
-7
Let u(v) = v**3 - 10*v**2 - 26*v - 25. Determine u(12).
-49
Let w(o) = -2*o + 26. Determine w(12).
2
Let l(d) = -d**3 - 28*d**2 + 29*d + 3. Calculate l(-29).
3
Let z(c) = c**2 - 40*c + 281. Give z(31).
2
Let x(j) = j**3 - 7*j**2 - 4*j - 1. Determine x(8).
31
Let f(m) = 3*m - 2. Calculate f(3).
7
Let r(k) = 37*k - 151. Give r(5).
34
Let h(p) = -p**3 - 8*p**2 - 6*p + 3. Give h(-6).
-33
Let l(r) = r**2 - 6*r - 5. Calculate l(-3).
22
Let v(z) = -3*z**2 - 22*z + 3. Calculate v(-8).
-13
Let y(b) = 3*b**2 - 35*b - 20. What is y(12)?
-8
Let v(p) = -p**3 + 10*p**2 + 9*p + 8. Determine v(11).
-14
Let l(g) = 5*g + 68. Calculate l(-13).
3
Let f(h) = 98*h - 492. Give f(5).
-2
Let l(n) = n**2 - 11*n - 15. Calculate l(15).
45
Let a(l) = l - 23. What is a(23)?
0
Let p(j) = -13*j - 11. Give p(-1).
2
Let s(o) = o**2 + 36*o + 19. Determine s(-34).
-49
Let k(j) = -2*j**3 + j**2 + j + 1. Determine k(0).
1
Let b(n) = 2*n**3 + 45*n**2 - 23*n - 6. Determine b(-23).
-6
Let m(v) = 2*v**3 - 7*v**2 + 5*v - 22. Determine m(5).
78
Let g(l) = 17*l - 412. Determine g(24).
-4
Let z(l) = l**2 + 14. What is z(0)?
14
Let t(d) = d**2 + 51*d + 339. Determine t(-43).
-5
Let v(b) = -11*b - 512. What is v(-46)?
-6
Let n(d) = -d**2 - 9*d + 2. Calculate n(-10).
-8
Let s(k) = 2*k**3 + 4*k**2 - 5. Determine s(-4).
-69
Let q(d) = 2*d**2 - 22*d - 3. Calculate q(11).
-3
Let p(r) = r**3 - 5*r**2 + 5*r. Calculate p(2).
-2
Let j(o) = -5*o**3 + 2*o + 1. What is j(-1)?
4
Let g(c) = c**3 + 10*c**2 - 15*c - 10. What is g(-11)?
34
Let p(h) = h**3 + 5*h**2 + 13. Determine p(-7).
-85
Let x(z) = -2*z**2 - 15*z - 1. Calculate x(-6).
17
Let s(j) = j**3 + j**2 + 4*j - 17. What is s(2)?
3
Let g(z) = 2*z + 25. Calculate g(-16).
-7
Let g(o) = -4*o + 4. What is g(7)?
-24
Let s(g) = -7*g + 13. What is s(-6)?
55
Let p(h) = -h**3 + 10*h**2 + 16*h - 22. What is p(11)?
33
Let j(l) = l**2 - 11*l + 42. Give j(6).
12
Let c(k) = -11*k**2 - 3*k. What is c(-1)?
-8
Let d(s) = s**3 + s**2 - s - 13. Determine d(0).
-13
Let k(n) = n**2 + 3*n + 6. Calculate k(0).
6
Let g(r) = -6*r - 159. What is g(-27)?
3
Let y(s) = s**3 + 5*s**2 - 26*s - 10. What is y(-8)?
6
Let m(u) = u**3 + 26*u**2 - 25*u + 49. Determine m(-27).
-5
Let f(r) = 9*r + 41. Calculate f(-4).
5
Let m(u) = u**2 - 6*u + 7. Give m(3).
-2
Let o(p) = 90*p - 986. Calculate o(11).
4
Let n(x) = x**2 - 23*x + 76. Determine n(4).
0
Let d(o) = o**3 - 15*o**2 - 2*o + 29. Determine d(15).
-1
Let z(h) = -2*h**2 - 55*h + 34. Determine z(-28).
6
Let m(f) = -2*f**2 - 11*f - 10. Determine m(-7).
-31
Let p(n) = -n**3 - 5*n**2 + 8*n + 5. Determine p(-6).
-7
Let l(v) = -32*v + 11. Calculate l(2).
-53
Let b(u) = -21*u**3 - u**2 - 2*u - 1. What is b(-1)?
21
Let n(y) = y**2 - 7*y + 31. Calculate n(9).
49
Let c(s) = -2*s**3 - 2*s**2 - 5*s + 14. Give c(2).
-20
Let z(n) = -n**3 - 6*n**2 + 6*n - 3. Give z(-7).
4
Let f(j) = 4*j + 28. Give f(-21).
-56
Let r(w) = -w**3 + 14*w**2 - w + 11. What is r(14)?
-3
Let v(j) = 4*j - 34. What is v(9)?
2
Let m(u) = u**2 + 9*u - 10. What is m(-8)?
-18
Let o(m) = -m**3 + 15*m**2 - 27*m + 6. Calculate o(13).
-7
Let i(u) = u**3 - 8*u**2 + 11*u - 9. Give i(7).
19
Let k(q) = -5*q + 153. Give k(17).
68
Let k(u) = u**3 - 3*u**2 + 6*u - 6. What is k(4)?
34
Let p(w) = -w**3 + 31*w**2 - 88*w + 17. What is p(3)?
5
Let r(h) = 14*h - 255. What is r(18)?
-3
Let p(h) = h**2 - 35*h - 388. Give p(-9).
8
Let u(f) = -14*f + 158. Determine u(12).
-10
Let u(f) = 2*f**2 + 28*f + 85. What is u(-11)?
19
Let t(c) = c**3 - 14*c**2 + 15*c - 12. Determine t(13).
14
Let o(i) = i**2 - 13*i + 53. Calculate o(6).
11
Let b(a) = a**3 + 34*a**2 + 33*a - 34. Calculate b(-33).
-34
Let s(h) = -h**3 - 6*h**2 - 5*h + 1. Calculate s(-4).
-11
Let d(s) = s**3 + 9*s**2 + 10*s - 2. What is d(-7)?
26
Let h(v) = 3*v**2 - 30*v - 5. Determine h(10).
-5
Let d(z) = z**2 - 22*z - 10. What is d(22)?
-10
Let m(r) = -25*r + 264. Calculate m(11).
-11
Let r(n) = n - 92. Calculate r(4).
-88
Let w(q) = -q**3 - 4*q**2 + 3*q + 7. Determine w(-4).
-5
Let c(n) = -7*n - 5. Calculate c(-7).
44
Let h(y) = y + 9. Determine h(-9).
0
Let o(s) = -s**3 + 6*s**2 + 3*s + 1. Calculate o(7).
-27
Let n(a) = 2*a**2 + a + 3. What is n(3)?